j?
1
Suppose -16 = 2*u - 4*u. Suppose 2*f + 0 = 4*w - 52, 4*w = -3*f + 62. Calculate the remainder when w is divided by u.
6
Let p(a) = a**3 + 0*a**2 + 7*a**2 + 3 - 4*a**3 + 2*a**3. What is the remainder when ((-81)/(-18))/(1/2) is divided by p(7)?
0
Suppose 4*j - 7*j + 12 = 0. Suppose -5*z + 89 = -j*z + 3*t, -2*z + 168 = 4*t. What is the remainder when z is divided by 25?
24
Let d = 656 - 653. What is the remainder when 88 is divided by d?
1
Let k(u) = -u**3 + 0*u**3 - 24*u + 1 + 24*u + u**2. Calculate the remainder when k(-2) is divided by 2/(-9) + 65/9.
6
Let z be (12 - 2)*(1 - 0). Suppose -z - 23 = s. Let j = -22 - s. Calculate the remainder when 40 is divided by j.
7
Suppose -16 = -o - 17. What is the remainder when 2/4 - 82/(-4) is divided by (12 - 0) + o + (-4)/(-4)?
9
Let z = 18 + -13. Let x be (-31)/(-5) - 6 - 32/10. Calculate the remainder when x - (-11)/(44/80) is divided by z.
2
Let g(p) = -2*p**2 - 9*p - 15. Let l(q) = q**2 - q. Let j(n) = -g(n) - l(n). Calculate the remainder when j(-13) is divided by 8.
6
Suppose 3*m + 7 - 19 = 0. Suppose -44 + 8 = -m*k. Let d = k + 6. Calculate the remainder when d is divided by 4.
3
Let z(p) = p**2 - 6*p - 5. Suppose 10*f = -5*m + 14*f + 58, 0 = -4*f + 12. What is the remainder when z(-6) is divided by m?
11
Suppose 389*j - 382*j - 1463 = 0. What is the remainder when j is divided by 14?
13
Suppose 4*g + 3*p - 271 = 0, -3*g - 3*p + 69 + 138 = 0. Suppose -219 = 5*z - 29. Let j = z + g. Calculate the remainder when j is divided by 14.
12
Let t = 71 - 17. What is the remainder when t is divided by (-4)/(-32) - 522/(-48)?
10
Let j = -21 - -23. Suppose -6*i + 2*i + 3*r + 239 = 0, -10 = j*r. What is the remainder when i is divided by 29?
27
Suppose 0 = 3*w - 6, 4*t - 4*w - 110 = 98. What is the remainder when 149 is divided by t?
41
Calculate the remainder when (500/(-75))/((-20)/75) is divided by 44/6 - 2/6.
4
Suppose 3*c - 15 = -3*t - 0*c, -4*t + 38 = -2*c. Let n(p) = -2*p**2 - p**3 + 5*p + 7*p**2 - 15 + 13 + t*p**2. What is the remainder when n(13) is divided by 16?
15
Suppose p + 5*c - 2 = 4*p, 4*p - 5*c + 6 = 0. Let f be 3 + (-3 - (p - -4)). Let s = 27 + f. What is the remainder when 105 is divided by s?
24
Suppose -15 = 2*c - 3*c. Suppose -125 - 223 = -3*v. Suppose -22*l = -18*l - v. Calculate the remainder when l is divided by c.
14
Let u = -1892 + 1903. What is the remainder when 549 is divided by u?
10
Calculate the remainder when 3222 is divided by ((-1)/3)/(5 - 980/195).
11
Suppose -3*l - 4*a = -41, -5*l - 4*a = -151 + 80. Calculate the remainder when 179 is divided by l.
14
Let l(p) = -p**3 + 10*p**2 - 2*p + 4. Let j be l(10). Calculate the remainder when (-31)/(-2) + 5/10 is divided by (-162)/j - 3/24.
6
Suppose -u = -5, s - 3*u = u - 34. Suppose 0 = 5*m + 2*a + 6 - 24, -1 = a. What is the remainder when ((-3)/6*-2)/((-1)/s) is divided by m?
2
Let z(w) = -38*w - 222. What is the remainder when z(-13) is divided by 92?
88
Let v(g) = -g**3 - 70*g**2 - 68*g + 147. Calculate the remainder when 309 is divided by v(-69).
75
Let m(k) = -8*k + 7. Suppose 0*f = -3*f - 5*b + 68, -4*b = 3*f - 73. Let t = f - 13. Calculate the remainder when m(-8) is divided by t.
17
Suppose d + 4 = 32. Suppose -2*t + 9 = -3. What is the remainder when d is divided by t?
4
Let q = -53 + 71. Calculate the remainder when 72 is divided by q.
0
Suppose 2*w + 122 = -3*i + 5*i, -10 = 5*w. Calculate the remainder when 172 is divided by i.
54
Suppose a + x - 39 = 0, -4*a - 4*x = -6*x - 174. What is the remainder when 419 is divided by a?
41
Suppose 0 = 5*a - 2*p - 76 - 80, a + p - 34 = 0. Suppose 35*o - a*o = -6. Let y = 9 + o. What is the remainder when 26 is divided by y?
5
Let r(n) be the third derivative of -n**5/60 - 5*n**4/24 - n**3/3 + 40*n**2. What is the remainder when 22 is divided by r(-3)?
2
Let y(n) = 2*n**3 - n**2 - 3*n. Let u be y(-3). Let h = 62 + u. Calculate the remainder when 20 is divided by h.
4
Let y(k) = -k**3 - 13*k**2 - 16*k - 10. Let b(a) = -2*a**3 - 9*a**2 - 5*a + 9. What is the remainder when y(-12) is divided by b(-4)?
12
Let l(z) be the third derivative of -z**4/24 + 7*z**3/6 + 4*z**2. Calculate the remainder when l(-5) is divided by 5.
2
Let s = 17 + -83. Let v = -34 - s. Calculate the remainder when 126 is divided by v.
30
Suppose 15 = -2*l + f - 4, l + 15 = -5*f. Suppose 5*u - 37 - 63 = 0. Let d = u + l. What is the remainder when 19 is divided by d?
9
Suppose -5*m = 2 + 3. Let f = 5 - m. Calculate the remainder when 30 is divided by (f/(-3) + 6)*4.
14
Let r = -2 + 48. Calculate the remainder when 365 is divided by r.
43
Suppose 4*y - 45 = 63. What is the remainder when 402 is divided by y?
24
Suppose 36 = 4*c - 2*c. Calculate the remainder when (1 - 6) + 6 + 68 is divided by c.
15
Suppose 601 = 5*t - 99. Let y = -86 + t. Let u(b) = -3*b + 3. Calculate the remainder when y is divided by u(-4).
9
Let u = -3 + 24. Suppose -10*r + 80 = -0*r. Suppose 2*h - 4 - r = 0. Calculate the remainder when u is divided by h.
3
Let k(g) = -g - 4. Let v be k(-4). Let i = 6 + v. Calculate the remainder when 33 is divided by i.
3
Suppose 4*y + 94 = 5*r - 151, 5*r - 5*y - 245 = 0. Let q = -105 + 170. Suppose 3*m - 3*b = -2*m + q, 0 = -b. Calculate the remainder when r is divided by m.
10
Suppose -5*s + 5*i - 81 = 34, -5*s - 109 = -2*i. Let u = s - -24. Let c = u - -5. What is the remainder when 14 is divided by c?
6
Let f = -1036 - -1098. Calculate the remainder when f is divided by 34.
28
Let z(h) = -10*h - 45. Let x be z(-5). Let k(u) = u**2 - 4*u + 13. Suppose f - 4*j + 10 = 69, 5*f - 247 = -4*j. What is the remainder when f is divided by k(x)?
15
Let c = -1031 + 1057. Calculate the remainder when 259 is divided by c.
25
Let z be 318/39 + (-6)/39. Let i = 42 - 27. What is the remainder when i is divided by 200/175*(-2)/(z/(-14))?
3
Calculate the remainder when 264 is divided by (-68)/17 + (-49)/(-1).
39
Let g(s) = s**2 - 23*s + 25. Calculate the remainder when 15 is divided by g(22).
0
Suppose 256 + 904 = 29*q. Calculate the remainder when 78 is divided by q.
38
Suppose 3 = -o, 5*c + o - 91 = -2*o. Calculate the remainder when 66 is divided by c.
6
Suppose 4*x = 4*q - 228, 6*q - 3*q = x + 59. Let v = -117 - x. What is the remainder when 4/(-20) + v/(-5) is divided by 7?
5
Let d(x) = 108*x**3 + 2*x**2 - x. Let m = -57 - -59. Calculate the remainder when d(1) is divided by 4 + -4 - (m + -39).
35
Let a(q) be the third derivative of 7*q**4/24 - 16*q**3/3 - 6*q**2. What is the remainder when 3 is divided by a(5)?
0
Suppose -13*g + 24 = -11*g. Calculate the remainder when 371 is divided by g.
11
Let c(s) = s**3 - 6*s**2 + 4*s + 11. What is the remainder when 33 is divided by c(5)?
3
Let c be (-146)/14 - (1 + 9/(-21)). What is the remainder when 65 is divided by (-1)/(-2)*((-3)/(-1) - c)?
2
Suppose 5*j - 15 = 2*j. Calculate the remainder when 25 is divided by j.
0
Let t be -1*(2 - 36/2). Suppose -2*r - b = -5 - 5, 0 = 2*b - 8. Suppose 4*k - t = r*k. What is the remainder when 59 is divided by k?
11
Suppose -2*z + 4*x + 0*x + 6 = 0, 59 = 5*z + x. Let m(f) be the first derivative of -f**2 + 32*f - 9. Calculate the remainder when m(-11) is divided by z.
10
Let w = -21 - -26. Suppose -4*k - f + 168 = -2*f, -k - w*f = -21. What is the remainder when k is divided by 15?
11
What is the remainder when -5 + 1 + 4 + 0 + 7 is divided by 5?
2
Let g(y) = -y**2 + 14*y - 16. Suppose 7*o = 2*o - 105. Let d = 37 + o. Calculate the remainder when g(9) is divided by d.
13
Suppose 2*h + 0*h = 20. Let r = 7 + 1. Suppose -6*x = j - x - r, 4*j - 7 = 5*x. What is the remainder when h is divided by j?
1
Let u = -380 - -569. Calculate the remainder when u is divided by 24.
21
Suppose 105 - 375 = -2*x + t, 0 = 3*x - 5*t - 405. Suppose -14*q + 11*q + x = 0. What is the remainder when q is divided by 25?
20
Suppose -3*t - 2 - 4 = 0, t = -3*l + 37. Suppose -6*x - 1372 + 1828 = 0. Calculate the remainder when x is divided by l.
11
Suppose 2*n = 5*t + 10, -3*n + 8*n = 3*t + 63. Suppose -s = -0*s + y + 1, -3*y = 2*s + 6. Calculate the remainder when n is divided by s.
0
Let r(w) = 8*w + 7. Suppose 0 = -2*v + 11 - 3. Let o be (-2)/v + 28/8. What is the remainder when r(o) is divided by 11?
9
Suppose -5*n - 23 = -3, 0 = -2*w + 2*n + 30. What i